{"id":142,"date":"2023-11-03T09:52:22","date_gmt":"2023-11-03T08:52:22","guid":{"rendered":"http:\/\/anolys.fr\/?page_id=142"},"modified":"2025-06-09T17:01:07","modified_gmt":"2025-06-09T15:01:07","slug":"desinfection-anolys","status":"publish","type":"page","link":"https:\/\/anolys.fr\/index.php\/desinfection-anolys\/","title":{"rendered":"DESINFECTION"},"content":{"rendered":"\t\t<div data-elementor-type=\"wp-page\" data-elementor-id=\"142\" class=\"elementor elementor-142\">\n\t\t\t\t<div class=\"elementor-element elementor-element-a6b0579 e-flex e-con-boxed e-con e-parent\" data-id=\"a6b0579\" data-element_type=\"container\" data-e-type=\"container\">\n\t\t\t\t\t<div class=\"e-con-inner\">\n\t\t\t\t<div class=\"elementor-element elementor-element-785d33b elementor-widget elementor-widget-heading\" data-id=\"785d33b\" data-element_type=\"widget\" data-e-type=\"widget\" data-widget_type=\"heading.default\">\n\t\t\t\t<div class=\"elementor-widget-container\">\n\t\t\t\t\t<h2 class=\"elementor-heading-title elementor-size-xxl\">DESINFECTION<\/h2>\t\t\t\t<\/div>\n\t\t\t\t<\/div>\n\t\t\t\t\t<\/div>\n\t\t\t\t<\/div>\n\t\t<div class=\"elementor-element elementor-element-69b3396 e-flex e-con-boxed e-con e-parent\" data-id=\"69b3396\" data-element_type=\"container\" data-e-type=\"container\">\n\t\t\t\t\t<div class=\"e-con-inner\">\n\t\t\t\t<div class=\"elementor-element elementor-element-7467034 elementor-widget-mobile__width-inherit elementor-widget elementor-widget-text-editor\" data-id=\"7467034\" data-element_type=\"widget\" data-e-type=\"widget\" data-widget_type=\"text-editor.default\">\n\t\t\t\t<div class=\"elementor-widget-container\">\n\t\t\t\t\t\t\t\t\t<h3 style=\"text-align: left;\"><strong><em><span style=\"color: #ffffff;\">\u00a0Votre partenaire de confiance pour une d\u00e9sinfection professionnelle et compl\u00e8te, garantissant un environnement sain.\u00a0<\/span><\/em><\/strong><\/h3>\t\t\t\t\t\t\t\t<\/div>\n\t\t\t\t<\/div>\n\t\t\t\t\t<\/div>\n\t\t\t\t<\/div>\n\t\t<div class=\"elementor-element elementor-element-3afda81 e-flex e-con-boxed e-con e-parent\" data-id=\"3afda81\" data-element_type=\"container\" data-e-type=\"container\">\n\t\t\t\t\t<div class=\"e-con-inner\">\n\t\t\t\t<div class=\"elementor-element elementor-element-fa9ddf9 elementor-widget elementor-widget-text-editor\" data-id=\"fa9ddf9\" data-element_type=\"widget\" data-e-type=\"widget\" data-widget_type=\"text-editor.default\">\n\t\t\t\t<div class=\"elementor-widget-container\">\n\t\t\t\t\t\t\t\t\t<ol><li><p><strong>Sant\u00e9 et S\u00e9curit\u00e9:<\/strong><\/p><ul><li>La d\u00e9sinfection des espaces est essentielle pour assurer la sant\u00e9 et la s\u00e9curit\u00e9 des occupants.<\/li><li>En \u00e9liminant les germes, bact\u00e9ries et virus pr\u00e9sents dans l&rsquo;environnement, vous contribuez \u00e0 r\u00e9duire le risque de maladies contagieuses.<\/li><\/ul><\/li><li><p><strong>Pr\u00e9vention des Maladies:<\/strong><\/p><ul><li>La d\u00e9sinfection r\u00e9guli\u00e8re contribue \u00e0 la pr\u00e9vention des maladies infectieuses en limitant la propagation des agents pathog\u00e8nes.<\/li><li>Cela est particuli\u00e8rement crucial dans les espaces fr\u00e9quent\u00e9s par un grand nombre de personnes, tels que les bureaux, les commerces et les \u00e9tablissements publics.<\/li><\/ul><\/li><li><p><strong>Image de Marque:<\/strong><\/p><ul><li>Un environnement propre et d\u00e9sinfect\u00e9 renforce la confiance des clients, des employ\u00e9s et du public en g\u00e9n\u00e9ral envers votre entreprise.<\/li><li>Cela peut contribuer positivement \u00e0 l&rsquo;image de marque de votre entreprise en montrant votre engagement envers la sant\u00e9 et le bien-\u00eatre.<\/li><\/ul><\/li><li><p><strong>Conformit\u00e9 aux Normes Sanitaires:<\/strong><\/p><ul><li>La d\u00e9sinfection r\u00e9guli\u00e8re est souvent une exigence r\u00e9glementaire dans de nombreux secteurs, notamment l&rsquo;alimentaire, la sant\u00e9 et l&rsquo;h\u00f4tellerie.<\/li><li>En respectant ces normes, vous \u00e9vitez des sanctions l\u00e9gales potentielles et montrez votre engagement envers la conformit\u00e9.<\/li><\/ul><\/li><li><p><strong>R\u00e9duction des Risques de Contamination:<\/strong><\/p><ul><li>Les espaces d\u00e9sinfect\u00e9s r\u00e9duisent le risque de contamination crois\u00e9e, ce qui est particuli\u00e8rement important dans les secteurs sensibles tels que la production alimentaire et les installations m\u00e9dicales.<\/li><\/ul><\/li><li><p><strong>R\u00e9duction des Allerg\u00e8nes:<\/strong><\/p><ul><li>La d\u00e9sinfection aide \u00e9galement \u00e0 r\u00e9duire la pr\u00e9sence d&rsquo;allerg\u00e8nes, am\u00e9liorant ainsi le confort des personnes allergiques et cr\u00e9ant un environnement plus sain.<\/li><\/ul><\/li><\/ol>\t\t\t\t\t\t\t\t<\/div>\n\t\t\t\t<\/div>\n\t\t\t\t\t<\/div>\n\t\t\t\t<\/div>\n\t\t<div class=\"elementor-element elementor-element-186642a e-flex e-con-boxed e-con e-parent\" data-id=\"186642a\" data-element_type=\"container\" data-e-type=\"container\">\n\t\t\t\t\t<div class=\"e-con-inner\">\n\t\t<div class=\"elementor-element elementor-element-5d162c2 e-flex e-con-boxed e-con e-child\" data-id=\"5d162c2\" data-element_type=\"container\" data-e-type=\"container\">\n\t\t\t\t\t<div class=\"e-con-inner\">\n\t\t\t\t<div class=\"elementor-element elementor-element-ae83a16 elementor-widget elementor-widget-text-editor\" data-id=\"ae83a16\" data-element_type=\"widget\" data-e-type=\"widget\" data-widget_type=\"text-editor.default\">\n\t\t\t\t<div class=\"elementor-widget-container\">\n\t\t\t\t\t\t\t\t\t<p style=\"text-align: center;\"><strong><span style=\"color: #000000;\">Pour toute demande de devis ou d&rsquo;informations concernant une d\u00e9sinfection, n&rsquo;h\u00e9sitez pas \u00e0 nous contacter via notre page de contact en cliquant sur le bouton ci-dessous.<\/span><\/strong><\/p>\t\t\t\t\t\t\t\t<\/div>\n\t\t\t\t<\/div>\n\t\t\t\t\t<\/div>\n\t\t\t\t<\/div>\n\t\t\t\t\t<\/div>\n\t\t\t\t<\/div>\n\t\t<div class=\"elementor-element elementor-element-2f12a9c e-flex e-con-boxed e-con e-parent\" data-id=\"2f12a9c\" data-element_type=\"container\" data-e-type=\"container\">\n\t\t\t\t\t<div class=\"e-con-inner\">\n\t\t\t\t<div class=\"elementor-element elementor-element-595ae58 elementor-align-center elementor-widget elementor-widget-button\" data-id=\"595ae58\" data-element_type=\"widget\" data-e-type=\"widget\" data-widget_type=\"button.default\">\n\t\t\t\t<div class=\"elementor-widget-container\">\n\t\t\t\t\t\t\t\t\t<div class=\"elementor-button-wrapper\">\n\t\t\t\t\t<a class=\"elementor-button elementor-button-link elementor-size-sm\" href=\"https:\/\/anolys.fr\/index.php\/contact-anolys-multiservices\/\" target=\"_blank\">\n\t\t\t\t\t\t<span class=\"elementor-button-content-wrapper\">\n\t\t\t\t\t\t<span class=\"elementor-button-icon\">\n\t\t\t\t<svg aria-hidden=\"true\" class=\"e-font-icon-svg e-fas-phone\" viewBox=\"0 0 512 512\" xmlns=\"http:\/\/www.w3.org\/2000\/svg\"><path d=\"M493.4 24.6l-104-24c-11.3-2.6-22.9 3.3-27.5 13.9l-48 112c-4.2 9.8-1.4 21.3 6.9 28l60.6 49.6c-36 76.7-98.9 140.5-177.2 177.2l-49.6-60.6c-6.8-8.3-18.2-11.1-28-6.9l-112 48C3.9 366.5-2 378.1.6 389.4l24 104C27.1 504.2 36.7 512 48 512c256.1 0 464-207.5 464-464 0-11.2-7.7-20.9-18.6-23.4z\"><\/path><\/svg>\t\t\t<\/span>\n\t\t\t\t\t\t\t\t\t<span class=\"elementor-button-text\">NOUS CONTACTER<\/span>\n\t\t\t\t\t<\/span>\n\t\t\t\t\t<\/a>\n\t\t\t\t<\/div>\n\t\t\t\t\t\t\t\t<\/div>\n\t\t\t\t<\/div>\n\t\t\t\t\t<\/div>\n\t\t\t\t<\/div>\n\t\t\t\t<\/div>\n\t\t","protected":false},"excerpt":{"rendered":"<p>DESINFECTION \u00a0Votre partenaire de confiance pour une d\u00e9sinfection professionnelle et compl\u00e8te, garantissant un environnement sain.\u00a0 Sant\u00e9 et S\u00e9curit\u00e9: La d\u00e9sinfection des espaces est essentielle pour assurer la sant\u00e9 et la s\u00e9curit\u00e9 des occupants. En \u00e9liminant les germes, bact\u00e9ries et virus pr\u00e9sents dans l&rsquo;environnement, vous contribuez \u00e0 r\u00e9duire le risque de maladies contagieuses. Pr\u00e9vention des Maladies:&hellip;&nbsp;<a href=\"https:\/\/anolys.fr\/index.php\/desinfection-anolys\/\" rel=\"bookmark\">Lire la suite &raquo;<span class=\"screen-reader-text\">DESINFECTION<\/span><\/a><\/p>\n","protected":false},"author":1,"featured_media":0,"parent":0,"menu_order":0,"comment_status":"closed","ping_status":"closed","template":"page-templates\/template-pagebuilder-full-width.php","meta":{"neve_meta_sidebar":"","neve_meta_container":"","neve_meta_enable_content_width":"","neve_meta_content_width":0,"neve_meta_title_alignment":"","neve_meta_author_avatar":"","neve_post_elements_order":"","neve_meta_disable_header":"","neve_meta_disable_footer":"","neve_meta_disable_title":"","footnotes":""},"class_list":["post-142","page","type-page","status-publish","hentry"],"yoast_head":"<!-- This site is optimized with the Yoast SEO plugin v27.5 - https:\/\/yoast.com\/product\/yoast-seo-wordpress\/ -->\n<title>DESINFECTION PROFESSIONNELLE Sant\u00e9 et s\u00e9curit\u00e9 - Pr\u00e9venir ANOLYS<\/title>\n<meta name=\"description\" content=\"Votre partenaire de confiance pour une d\u00e9sinfection compl\u00e8te et garantis de votre environnement. N&#039;h\u00e9sitez pas \u00e0 nous contacter.\" \/>\n<meta name=\"robots\" content=\"index, follow, max-snippet:-1, max-image-preview:large, max-video-preview:-1\" \/>\n<link rel=\"canonical\" href=\"https:\/\/anolys.fr\/index.php\/desinfection-anolys\/\" \/>\n<meta property=\"og:locale\" content=\"fr_FR\" \/>\n<meta property=\"og:type\" content=\"article\" \/>\n<meta property=\"og:title\" content=\"DESINFECTION PROFESSIONNELLE Sant\u00e9 et s\u00e9curit\u00e9 - Pr\u00e9venir ANOLYS\" \/>\n<meta property=\"og:description\" content=\"Votre partenaire de confiance pour une d\u00e9sinfection compl\u00e8te et garantis de votre environnement. N&#039;h\u00e9sitez pas \u00e0 nous contacter.\" \/>\n<meta property=\"og:url\" content=\"https:\/\/anolys.fr\/index.php\/desinfection-anolys\/\" \/>\n<meta property=\"og:site_name\" content=\"ANOLYS\" \/>\n<meta property=\"article:modified_time\" content=\"2025-06-09T15:01:07+00:00\" \/>\n<meta name=\"twitter:card\" content=\"summary_large_image\" \/>\n<meta name=\"twitter:label1\" content=\"Dur\u00e9e de lecture estim\u00e9e\" \/>\n\t<meta name=\"twitter:data1\" content=\"2 minutes\" \/>\n<script type=\"application\/ld+json\" class=\"yoast-schema-graph\">{\"@context\":\"https:\\\/\\\/schema.org\",\"@graph\":[{\"@type\":\"WebPage\",\"@id\":\"https:\\\/\\\/anolys.fr\\\/index.php\\\/desinfection-anolys\\\/\",\"url\":\"https:\\\/\\\/anolys.fr\\\/index.php\\\/desinfection-anolys\\\/\",\"name\":\"DESINFECTION PROFESSIONNELLE Sant\u00e9 et s\u00e9curit\u00e9 - Pr\u00e9venir ANOLYS\",\"isPartOf\":{\"@id\":\"https:\\\/\\\/anolys.fr\\\/#website\"},\"datePublished\":\"2023-11-03T08:52:22+00:00\",\"dateModified\":\"2025-06-09T15:01:07+00:00\",\"description\":\"Votre partenaire de confiance pour une d\u00e9sinfection compl\u00e8te et garantis de votre environnement. N'h\u00e9sitez pas \u00e0 nous contacter.\",\"breadcrumb\":{\"@id\":\"https:\\\/\\\/anolys.fr\\\/index.php\\\/desinfection-anolys\\\/#breadcrumb\"},\"inLanguage\":\"fr-FR\",\"potentialAction\":[{\"@type\":\"ReadAction\",\"target\":[\"https:\\\/\\\/anolys.fr\\\/index.php\\\/desinfection-anolys\\\/\"]}]},{\"@type\":\"BreadcrumbList\",\"@id\":\"https:\\\/\\\/anolys.fr\\\/index.php\\\/desinfection-anolys\\\/#breadcrumb\",\"itemListElement\":[{\"@type\":\"ListItem\",\"position\":1,\"name\":\"Accueil\",\"item\":\"https:\\\/\\\/anolys.fr\\\/\"},{\"@type\":\"ListItem\",\"position\":2,\"name\":\"DESINFECTION\"}]},{\"@type\":\"WebSite\",\"@id\":\"https:\\\/\\\/anolys.fr\\\/#website\",\"url\":\"https:\\\/\\\/anolys.fr\\\/\",\"name\":\"ANOLYS MULTISERVICES\",\"description\":\"Anolys Multiservices, votre partenaire pour un environnement sain.\",\"publisher\":{\"@id\":\"https:\\\/\\\/anolys.fr\\\/#organization\"},\"potentialAction\":[{\"@type\":\"SearchAction\",\"target\":{\"@type\":\"EntryPoint\",\"urlTemplate\":\"https:\\\/\\\/anolys.fr\\\/?s={search_term_string}\"},\"query-input\":{\"@type\":\"PropertyValueSpecification\",\"valueRequired\":true,\"valueName\":\"search_term_string\"}}],\"inLanguage\":\"fr-FR\"},{\"@type\":\"Organization\",\"@id\":\"https:\\\/\\\/anolys.fr\\\/#organization\",\"name\":\"ANOLYS MULTISERVICES\",\"url\":\"https:\\\/\\\/anolys.fr\\\/\",\"logo\":{\"@type\":\"ImageObject\",\"inLanguage\":\"fr-FR\",\"@id\":\"https:\\\/\\\/anolys.fr\\\/#\\\/schema\\\/logo\\\/image\\\/\",\"url\":\"https:\\\/\\\/anolys.fr\\\/wp-content\\\/uploads\\\/2023\\\/11\\\/logo-1.jpg\",\"contentUrl\":\"https:\\\/\\\/anolys.fr\\\/wp-content\\\/uploads\\\/2023\\\/11\\\/logo-1.jpg\",\"width\":572,\"height\":447,\"caption\":\"ANOLYS MULTISERVICES\"},\"image\":{\"@id\":\"https:\\\/\\\/anolys.fr\\\/#\\\/schema\\\/logo\\\/image\\\/\"}}]}<\/script>\n<!-- \/ Yoast SEO plugin. -->","yoast_head_json":{"title":"DESINFECTION PROFESSIONNELLE Sant\u00e9 et s\u00e9curit\u00e9 - Pr\u00e9venir ANOLYS","description":"Votre partenaire de confiance pour une d\u00e9sinfection compl\u00e8te et garantis de votre environnement. N'h\u00e9sitez pas \u00e0 nous contacter.","robots":{"index":"index","follow":"follow","max-snippet":"max-snippet:-1","max-image-preview":"max-image-preview:large","max-video-preview":"max-video-preview:-1"},"canonical":"https:\/\/anolys.fr\/index.php\/desinfection-anolys\/","og_locale":"fr_FR","og_type":"article","og_title":"DESINFECTION PROFESSIONNELLE Sant\u00e9 et s\u00e9curit\u00e9 - Pr\u00e9venir ANOLYS","og_description":"Votre partenaire de confiance pour une d\u00e9sinfection compl\u00e8te et garantis de votre environnement. N'h\u00e9sitez pas \u00e0 nous contacter.","og_url":"https:\/\/anolys.fr\/index.php\/desinfection-anolys\/","og_site_name":"ANOLYS","article_modified_time":"2025-06-09T15:01:07+00:00","twitter_card":"summary_large_image","twitter_misc":{"Dur\u00e9e de lecture estim\u00e9e":"2 minutes"},"schema":{"@context":"https:\/\/schema.org","@graph":[{"@type":"WebPage","@id":"https:\/\/anolys.fr\/index.php\/desinfection-anolys\/","url":"https:\/\/anolys.fr\/index.php\/desinfection-anolys\/","name":"DESINFECTION PROFESSIONNELLE Sant\u00e9 et s\u00e9curit\u00e9 - Pr\u00e9venir ANOLYS","isPartOf":{"@id":"https:\/\/anolys.fr\/#website"},"datePublished":"2023-11-03T08:52:22+00:00","dateModified":"2025-06-09T15:01:07+00:00","description":"Votre partenaire de confiance pour une d\u00e9sinfection compl\u00e8te et garantis de votre environnement. N'h\u00e9sitez pas \u00e0 nous contacter.","breadcrumb":{"@id":"https:\/\/anolys.fr\/index.php\/desinfection-anolys\/#breadcrumb"},"inLanguage":"fr-FR","potentialAction":[{"@type":"ReadAction","target":["https:\/\/anolys.fr\/index.php\/desinfection-anolys\/"]}]},{"@type":"BreadcrumbList","@id":"https:\/\/anolys.fr\/index.php\/desinfection-anolys\/#breadcrumb","itemListElement":[{"@type":"ListItem","position":1,"name":"Accueil","item":"https:\/\/anolys.fr\/"},{"@type":"ListItem","position":2,"name":"DESINFECTION"}]},{"@type":"WebSite","@id":"https:\/\/anolys.fr\/#website","url":"https:\/\/anolys.fr\/","name":"ANOLYS MULTISERVICES","description":"Anolys Multiservices, votre partenaire pour un environnement sain.","publisher":{"@id":"https:\/\/anolys.fr\/#organization"},"potentialAction":[{"@type":"SearchAction","target":{"@type":"EntryPoint","urlTemplate":"https:\/\/anolys.fr\/?s={search_term_string}"},"query-input":{"@type":"PropertyValueSpecification","valueRequired":true,"valueName":"search_term_string"}}],"inLanguage":"fr-FR"},{"@type":"Organization","@id":"https:\/\/anolys.fr\/#organization","name":"ANOLYS MULTISERVICES","url":"https:\/\/anolys.fr\/","logo":{"@type":"ImageObject","inLanguage":"fr-FR","@id":"https:\/\/anolys.fr\/#\/schema\/logo\/image\/","url":"https:\/\/anolys.fr\/wp-content\/uploads\/2023\/11\/logo-1.jpg","contentUrl":"https:\/\/anolys.fr\/wp-content\/uploads\/2023\/11\/logo-1.jpg","width":572,"height":447,"caption":"ANOLYS MULTISERVICES"},"image":{"@id":"https:\/\/anolys.fr\/#\/schema\/logo\/image\/"}}]}},"_links":{"self":[{"href":"https:\/\/anolys.fr\/index.php\/wp-json\/wp\/v2\/pages\/142","targetHints":{"allow":["GET"]}}],"collection":[{"href":"https:\/\/anolys.fr\/index.php\/wp-json\/wp\/v2\/pages"}],"about":[{"href":"https:\/\/anolys.fr\/index.php\/wp-json\/wp\/v2\/types\/page"}],"author":[{"embeddable":true,"href":"https:\/\/anolys.fr\/index.php\/wp-json\/wp\/v2\/users\/1"}],"replies":[{"embeddable":true,"href":"https:\/\/anolys.fr\/index.php\/wp-json\/wp\/v2\/comments?post=142"}],"version-history":[{"count":37,"href":"https:\/\/anolys.fr\/index.php\/wp-json\/wp\/v2\/pages\/142\/revisions"}],"predecessor-version":[{"id":705,"href":"https:\/\/anolys.fr\/index.php\/wp-json\/wp\/v2\/pages\/142\/revisions\/705"}],"wp:attachment":[{"href":"https:\/\/anolys.fr\/index.php\/wp-json\/wp\/v2\/media?parent=142"}],"curies":[{"name":"wp","href":"https:\/\/api.w.org\/{rel}","templated":true}]}}